t common factor of 3605 and 20856058?
103
What is the highest common factor of 8921886 and 1179?
393
Calculate the greatest common factor of 383500166 and 2303.
2303
Calculate the greatest common divisor of 6496 and 1029848.
232
What is the highest common factor of 458802 and 103092?
426
Calculate the greatest common divisor of 869 and 1040995087.
869
What is the highest common divisor of 154 and 65188298?
14
Calculate the greatest common factor of 19984555 and 5.
5
What is the highest common factor of 183788 and 836?
44
What is the highest common factor of 37169 and 143880?
1199
What is the greatest common divisor of 29799 and 701631?
2709
Calculate the greatest common factor of 44343 and 602989.
379
What is the greatest common factor of 38344667 and 1321?
1321
Calculate the highest common factor of 42 and 11791983.
21
What is the greatest common divisor of 3334270 and 1080?
10
Calculate the highest common divisor of 33118925 and 4550.
175
What is the greatest common divisor of 8464 and 3671260?
2116
What is the greatest common factor of 100606044 and 231?
231
What is the greatest common factor of 237474720 and 40320?
10080
Calculate the highest common divisor of 153 and 8221081.
17
What is the highest common factor of 70 and 3817130?
10
What is the highest common factor of 55947083 and 287?
41
Calculate the greatest common factor of 119279965 and 490.
245
What is the greatest common factor of 194648 and 9280?
232
What is the greatest common factor of 20261700 and 141?
141
Calculate the highest common divisor of 1140672 and 65088.
192
What is the greatest common factor of 36 and 5188284?
36
Calculate the highest common divisor of 17009 and 4396244.
233
What is the highest common factor of 201128 and 3704?
8
Calculate the highest common factor of 357 and 214089330.
357
What is the greatest common factor of 2893562 and 1015?
203
Calculate the greatest common divisor of 1180725 and 2457.
273
Calculate the highest common divisor of 5024 and 962967664.
2512
What is the highest common divisor of 28500 and 876660?
1140
What is the greatest common factor of 34 and 1522197?
17
Calculate the highest common factor of 1136672 and 6176.
32
What is the greatest common divisor of 263889 and 172429?
269
What is the greatest common factor of 410 and 139836158?
82
Calculate the highest common factor of 20655 and 603545985.
6885
Calculate the highest common divisor of 13715724 and 696.
348
Calculate the highest common factor of 47 and 17796503.
47
Calculate the greatest common divisor of 5127 and 497585604.
5127
What is the greatest common divisor of 42577874 and 4?
2
What is the greatest common factor of 3696 and 39927216?
336
What is the highest common factor of 25 and 1858490?
5
Calculate the highest common factor of 782847 and 65.
13
Calculate the greatest common factor of 52002111 and 21.
21
Calculate the greatest common divisor of 1340 and 40501634.
134
What is the greatest common factor of 26362921 and 26?
13
Calculate the highest common factor of 252 and 2603364.
12
What is the highest common factor of 47698280 and 280?
280
What is the highest common divisor of 346544165 and 79?
79
Calculate the highest common factor of 26702 and 282346.
158
What is the highest common factor of 2306845 and 101360?
905
Calculate the greatest common factor of 181629 and 198828.
189
Calculate the highest common divisor of 255211580 and 3835.
3835
Calculate the greatest common divisor of 610038 and 42042.
858
Calculate the greatest common divisor of 9386392 and 14.
2
What is the highest common factor of 28995 and 167595?
15
What is the highest common factor of 88 and 1496341?
11
What is the greatest common divisor of 2357828 and 12956?
164
Calculate the highest common divisor of 170 and 90123035.
85
Calculate the highest common factor of 396762 and 4386672.
4458
What is the greatest common divisor of 5608533 and 2193?
129
Calculate the greatest common factor of 224250723 and 34.
17
Calculate the highest common divisor of 105110 and 17507670.
4570
Calculate the greatest common divisor of 58 and 27146523.
29
What is the highest common divisor of 418 and 228371?
11
Calculate the highest common factor of 24515552 and 3616.
32
What is the highest common factor of 1285 and 1179887?
257
Calculate the greatest common divisor of 1246735 and 245.
35
Calculate the greatest common divisor of 3300295 and 4879.
697
What is the greatest common factor of 1792930 and 287?
41
What is the highest common factor of 7930 and 7302310?
610
What is the highest common factor of 5805 and 49005?
135
What is the greatest common factor of 60185905 and 13?
13
Calculate the greatest common divisor of 5592 and 153185850.
1398
What is the greatest common divisor of 1035 and 55790180?
115
Calculate the highest common divisor of 1836 and 2891411748.
1836
Calculate the highest common factor of 35657810 and 1262.
1262
Calculate the greatest common divisor of 97232 and 6212464.
944
Calculate the greatest common divisor of 17408 and 1684768.
544
What is the highest common factor of 4305 and 980244195?
4305
What is the greatest common divisor of 29309 and 9037931?
371
Calculate the greatest common factor of 918 and 82569.
51
What is the highest common divisor of 18246726 and 10260?
342
What is the highest common divisor of 314000 and 1390?
10
What is the greatest common factor of 34746539 and 83?
83
Calculate the greatest common divisor of 26 and 3257334574.
26
Calculate the greatest common factor of 36323 and 41942687.
5189
What is the highest common factor of 156 and 26830011?
39
Calculate the highest common factor of 2986256 and 125424.
208
What is the greatest common divisor of 360 and 8059720?
40
What is the greatest common divisor of 61749777 and 5955?
1191
What is the greatest common factor of 1102894 and 16566?
502
Calculate the greatest common factor of 596 and 178264494.
298
What is the greatest common divisor of 182112 and 17795757?
5691
Calculate the highest common divisor of 310538 and 92.
2
What is the highest common divisor of 10 and 26736445?
5
Calculate the greatest common factor of 4402 and 7662178.
142
Calculate the highest common divisor of 226796282 and 27752.
6938
Calculate the highest common factor of 14696 and 236104.
88
Calculate the greatest common divisor of 1811622 and 47226.
102
What is the greatest common divisor of 25487 and 243133?
11
Calculate the greatest common divisor of 49137 and 143121.
33
What is the highest common factor of 14215575 and 3?
3
Calculate the highest common divisor of 920 and 8211368.
184
What is the greatest common divisor of 8556 and 162192?
372
Calculate the greatest common factor of 9065 and 3460240.
1295
Calculate the highest common divisor of 686 and 716077082.
98
What is the greatest common divisor of 1498986 and 655614?
3078
Calculate the greatest common divisor of 3328 and 1509344.
32
What is the greatest common factor of 1368 and 29987358?
114
Calculate the greatest common divisor of 655473 and 195.
39
What is the highest common factor of 7368 and 411981720?
7368
What is the greatest common factor of 19 and 61981477?
19
What is the highest common factor of 295239 and 368781?
357
What is the highest common factor of 1612 and 1903679?
31
What is the highest common divisor of 436224 and 4512?
96
Calculate the highest common divisor of 94458 and 34167.
21
Calculate the greatest common divisor of 280 and 10554936.
56
Calculate the greatest common factor of 1 and 3301379.
1
Calculate the greatest common divisor of 29230866 and 63.
63
What is the highest common factor of 9 and 14873319?
9
What is the highest common divisor of 9170160 and 5510?
190
What is the greatest common factor of 64256 and 1407608?
2008
Calculate the highest common divisor of 30021980 and 8030.
730
Calculate the highest common divisor of 785112 and 12216.
24
What is the greatest common factor of 355 and 366456702?
71
Calculate the highest common divisor of 2078185 and 5810.
5
What is the highest common factor of 3497350 and 72320?
1130
What is the greatest common factor of 37433957 and 31?
31
Calculate the greatest common factor of 6345 and 441565.
235
What is the greatest common factor of 2121 and 1566957?
21
Calculate the greatest common factor of 8954717 and 927.
103
What is the 